{"id":73,"date":"2017-08-07T11:25:39","date_gmt":"2017-08-07T09:25:39","guid":{"rendered":"http:\/\/depannageelectromenagermarignane.com\/?page_id=73"},"modified":"2017-08-07T20:01:49","modified_gmt":"2017-08-07T18:01:49","slug":"ou-sommes-nous","status":"publish","type":"page","link":"https:\/\/depannageelectromenagermarignane.com\/?page_id=73","title":{"rendered":"O\u00f9 sommes nous"},"content":{"rendered":"<p><iframe loading=\"lazy\" style=\"border: 0;\" src=\"https:\/\/www.google.com\/maps\/embed?pb=!1m18!1m12!1m3!1d724.4825095487953!2d5.213348878333521!3d43.42028843237589!2m3!1f0!2f0!3f0!3m2!1i1024!2i768!4f13.1!3m3!1m2!1s0x12c9e63cfdb8466f%3A0xbde09c828238c422!2s6+Clos+Huguette%2C+13700+Marignane!5e0!3m2!1sfr!2sfr!4v1502097043169\" width=\"1024\" height=\"450\" frameborder=\"0\" allowfullscreen=\"allowfullscreen\"><\/iframe><\/p>\n<p>Dani D\u00e9pannage Electrom\u00e9nager au 6 Clos Huguette, 13700 Marignane<\/p>\n<p><a href=\"http:\/\/depannageelectromenagermarignane.com\/?page_id=42\">Vous pouvez \u00e9galement nous contacter via notre formulaire<\/a><\/p>\n","protected":false},"excerpt":{"rendered":"<p>Dani D\u00e9pannage Electrom\u00e9nager au 6 Clos Huguette, 13700 Marignane Vous pouvez \u00e9galement nous contacter via notre formulaire<\/p>\n","protected":false},"author":1,"featured_media":154,"parent":0,"menu_order":0,"comment_status":"closed","ping_status":"closed","template":"","meta":{"footnotes":""},"class_list":["post-73","page","type-page","status-publish","has-post-thumbnail","hentry"],"_links":{"self":[{"href":"https:\/\/depannageelectromenagermarignane.com\/index.php?rest_route=\/wp\/v2\/pages\/73","targetHints":{"allow":["GET"]}}],"collection":[{"href":"https:\/\/depannageelectromenagermarignane.com\/index.php?rest_route=\/wp\/v2\/pages"}],"about":[{"href":"https:\/\/depannageelectromenagermarignane.com\/index.php?rest_route=\/wp\/v2\/types\/page"}],"author":[{"embeddable":true,"href":"https:\/\/depannageelectromenagermarignane.com\/index.php?rest_route=\/wp\/v2\/users\/1"}],"replies":[{"embeddable":true,"href":"https:\/\/depannageelectromenagermarignane.com\/index.php?rest_route=%2Fwp%2Fv2%2Fcomments&post=73"}],"version-history":[{"count":4,"href":"https:\/\/depannageelectromenagermarignane.com\/index.php?rest_route=\/wp\/v2\/pages\/73\/revisions"}],"predecessor-version":[{"id":146,"href":"https:\/\/depannageelectromenagermarignane.com\/index.php?rest_route=\/wp\/v2\/pages\/73\/revisions\/146"}],"wp:featuredmedia":[{"embeddable":true,"href":"https:\/\/depannageelectromenagermarignane.com\/index.php?rest_route=\/wp\/v2\/media\/154"}],"wp:attachment":[{"href":"https:\/\/depannageelectromenagermarignane.com\/index.php?rest_route=%2Fwp%2Fv2%2Fmedia&parent=73"}],"curies":[{"name":"wp","href":"https:\/\/api.w.org\/{rel}","templated":true}]}}