{"id":7,"date":"2017-08-01T16:48:25","date_gmt":"2017-08-01T14:48:25","guid":{"rendered":"http:\/\/depannageelectromenagermarignane.com\/?page_id=7"},"modified":"2025-10-15T20:42:58","modified_gmt":"2025-10-15T18:42:58","slug":"depannage-electromenager","status":"publish","type":"page","link":"https:\/\/depannageelectromenagermarignane.com\/?page_id=7","title":{"rendered":"Le D\u00e9pannage"},"content":{"rendered":"<h1>R\u00e9paration \u00e0 domicile<\/h1>\n<p>Dani D\u00e9pannage Electrom\u00e9nager, intervient rapidement sous 24h a 48h sur Marignane et ses alentours (dans un rayon de 20 Km hors Marseille), j&rsquo;effectue un diagnostique et une r\u00e9paration rapide sur place de tous vos appareils \u00e9lectrom\u00e9nagers : four et plaques de cuisson, r\u00e9frig\u00e9rateur, lave-vaiselle, lave-linge, cafeti\u00e8re etc &#8230;<\/p>\n<p><em>\u00ab\u00a0La satisfaction de mes clients restera ma meilleur publicit\u00e9.\u00a0\u00bb<\/em><\/p>\n<p><a href=\"http:\/\/depannageelectromenagermarignane.com\/?page_id=42\">Pour toute demande, contacter moi<\/a><\/p>\n<p>&nbsp;<\/p>\n","protected":false},"excerpt":{"rendered":"<p>R\u00e9paration \u00e0 domicile Dani D\u00e9pannage Electrom\u00e9nager, intervient rapidement sous 24h a 48h sur Marignane et ses alentours (dans un rayon de 20 Km hors Marseille), j&rsquo;effectue un diagnostique et une r\u00e9paration rapide sur place de tous vos appareils \u00e9lectrom\u00e9nagers : four et plaques de cuisson, r\u00e9frig\u00e9rateur, lave-vaiselle, lave-linge, cafeti\u00e8re etc &#8230; \u00ab\u00a0La satisfaction de mes &hellip; <\/p>\n<p class=\"link-more\"><a href=\"https:\/\/depannageelectromenagermarignane.com\/?page_id=7\" class=\"more-link\">Continuer la lecture<span class=\"screen-reader-text\"> de &laquo;&nbsp;Le D\u00e9pannage&nbsp;&raquo;<\/span><\/a><\/p>\n","protected":false},"author":1,"featured_media":88,"parent":0,"menu_order":0,"comment_status":"closed","ping_status":"closed","template":"","meta":{"footnotes":""},"class_list":["post-7","page","type-page","status-publish","has-post-thumbnail","hentry"],"_links":{"self":[{"href":"https:\/\/depannageelectromenagermarignane.com\/index.php?rest_route=\/wp\/v2\/pages\/7","targetHints":{"allow":["GET"]}}],"collection":[{"href":"https:\/\/depannageelectromenagermarignane.com\/index.php?rest_route=\/wp\/v2\/pages"}],"about":[{"href":"https:\/\/depannageelectromenagermarignane.com\/index.php?rest_route=\/wp\/v2\/types\/page"}],"author":[{"embeddable":true,"href":"https:\/\/depannageelectromenagermarignane.com\/index.php?rest_route=\/wp\/v2\/users\/1"}],"replies":[{"embeddable":true,"href":"https:\/\/depannageelectromenagermarignane.com\/index.php?rest_route=%2Fwp%2Fv2%2Fcomments&post=7"}],"version-history":[{"count":9,"href":"https:\/\/depannageelectromenagermarignane.com\/index.php?rest_route=\/wp\/v2\/pages\/7\/revisions"}],"predecessor-version":[{"id":9036,"href":"https:\/\/depannageelectromenagermarignane.com\/index.php?rest_route=\/wp\/v2\/pages\/7\/revisions\/9036"}],"wp:featuredmedia":[{"embeddable":true,"href":"https:\/\/depannageelectromenagermarignane.com\/index.php?rest_route=\/wp\/v2\/media\/88"}],"wp:attachment":[{"href":"https:\/\/depannageelectromenagermarignane.com\/index.php?rest_route=%2Fwp%2Fv2%2Fmedia&parent=7"}],"curies":[{"name":"wp","href":"https:\/\/api.w.org\/{rel}","templated":true}]}}